n base 8?
17605011
1112222111200 (base 3) to base 14
1771d4
-71289a (base 11) to base 15
-179727
What is 8ed72a (base 16) in base 7?
142366053
a693 (base 12) to base 10
18255
What is -8507c (base 13) in base 6?
-5045052
Convert -60030015 (base 7) to base 3.
-100022102000210
Convert 275141 (base 11) to base 5.
102301120
What is -632703 (base 8) in base 11?
-134067
123231002 (base 4) to base 16
1bb42
What is -377043 (base 8) in base 4?
-133320203
52113115 (base 6) to base 7
15526136
What is 499066 (base 10) in base 14?
cdc38
What is 85111 (base 9) in base 10?
56224
What is -426624 (base 7) in base 14?
-1d184
What is -1675670 (base 8) in base 16?
-77bb8
Convert 21031 (base 15) to base 14.
2a207
What is -1431226 (base 13) in base 9?
-13034417
Convert -1187221 (base 12) to base 14.
-64bbbb
Convert -4113511 (base 6) to base 2.
-101111111110110011
Convert 237601 (base 10) to base 13.
841c0
Convert 13a842 (base 11) to base 2.
110101100010100010
Convert -112bd (base 14) to base 4.
-22023313
-20100011 (base 3) to base 4
-1020031
Convert 201223133 (base 4) to base 15.
2ad1b
What is -3646a86 (base 12) in base 8?
-50165206
What is -1110111111010110 (base 2) in base 6?
-1152130
What is -30020313310 (base 4) in base 7?
-36022111
-1111001000111101010 (base 2) to base 15
-9bedb
36c47 (base 13) to base 11
69935
675231 (base 9) to base 16
62a58
What is 157165 (base 9) in base 7?
553040
What is 4322013 (base 5) in base 3?
10201122220
Convert -6276382 (base 12) to base 7.
-313560554
Convert 2441111024 (base 5) to base 15.
798b29
Convert -2358b5 (base 13) to base 16.
-cd432
Convert 23987a (base 13) to base 9.
1534253
What is -113130221230 (base 4) in base 8?
-27345154
Convert 7752378 (base 9) to base 8.
17714507
-855661 (base 12) to base 16
-201a69
1020211113 (base 4) to base 11
193406
Convert 475423 (base 10) to base 2.
1110100000100011111
What is -864981 (base 10) in base 12?
-358699
Convert b14d1 (base 14) to base 7.
3423551
-152013043 (base 6) to base 4
-30013002303
-11333114 (base 6) to base 12
-15119a
-454353 (base 6) to base 16
-96bd
Convert 43518b (base 13) to base 12.
6436b8
110111110001000000101111 (base 2) to base 11
8285251
What is 91447 (base 10) in base 12?
44b07
What is -8096aa (base 11) in base 5?
-313114413
Convert 8218394 (base 10) to base 5.
4100442034
What is -111312023 (base 5) in base 6?
-14333554
What is 18506 (base 13) in base 14?
131a4
-586d (base 15) to base 6
-222534
Convert 1204aa (base 11) to base 5.
22102222
111101011000010110110 (base 2) to base 5
1003330233
-431239 (base 13) to base 16
-18023e
What is 10314 (base 10) in base 7?
42033
Convert -93b91 (base 14) to base 16.
-56fa3
Convert -156432 (base 13) to base 7.
-4326231
-327251 (base 16) to base 6
-154505505
What is -102111311011 (base 4) in base 16?
-495d45
Convert -245550 (base 9) to base 7.
-1155522
Convert -6333728 (base 9) to base 4.
-30323031200
Convert -56195b (base 13) to base 10.
-2031625
What is -15301300 (base 8) in base 11?
-1a85853
Convert -1011011110000000000 (base 2) to base 3.
-201002111211
-3124864 (base 9) to base 12
-686604
What is 8b360 (base 13) in base 14?
68408
56ab1 (base 13) to base 9
260436
100001111110001111001 (base 2) to base 13
2cc906
2a73b (base 13) to base 3
11002012000
Convert 22301155 (base 6) to base 13.
1a9096
What is 7430173 (base 11) in base 5?
11322324010
What is -2010200221020 (base 3) in base 8?
-4252166
Convert 32646653 (base 7) to base 6.
140225455
What is 2120322110 (base 4) in base 14?
124376
11042336 (base 7) to base 12
39a888
What is 335224340 (base 6) in base 7?
103053600
Convert 43202154 (base 6) to base 10.
1275766
cf0eb (base 16) to base 4
3033003223
What is 69d725 (base 15) in base 9?
10457348
Convert 656161 (base 7) to base 2.
11100000100110101
What is 6a60a4 (base 11) in base 13?
303208
Convert -b803 (base 12) to base 4.
-10323003
Convert -321230231 (base 4) to base 8.
-715455
What is -17f152 (base 16) in base 13?
-42c286
48cc98 (base 13) to base 10
1742177
Convert -b2d90 (base 16) to base 12.
-2b3b28
Convert -13341320 (base 5) to base 11.
-93aa3
What is -6a61a (base 13) in base 15?
-3c8d3
Convert -64032 (base 16) to base 14.
-a940a
Convert -10245115 (base 6) to base 3.
-120022222202
Convert -120273 (base 15) to base 9.
-1552280
Convert 386642 (base 9) to base 5.
30001113
Convert -514401 (base 6) to base 16.
-a0e1
Convert 2031532 (base 6) to base 2.
10111110101010000
Convert -5167b0 (base 15) to base 14.
-72a242
What is 1236253 (base 8) in base 15?
6ba5b
What is 100220022021 (base 3) in base 5?
22213431
What is 401425 (base 6) in base 9?
47158
Convert -21bc1 (base 14) to base 15.
-19401
104001234 (base 5) to base 14
bb2bd
What is -89c742 (base 15) in base 2?
-11001000100101011011010
What is -147510 (base 9) in base 8?
-261272
Convert 143c9 (base 15) to base 8.
176735
What is 30031231 (base 4) in base 15?
ec54
13201150 (base 7) to base 9
2244474
Convert 10000111111111100 (base 2) to base 16.
10ffc
-11102112112 (base 3) to base 4
-111101213
Convert 13302350 (base 8) to base 15.
3ddd64
Convert -4204a (base 14) to base 10.
-159218
-1204200222 (base 5) to base 2
-1010101100010111110011
What is -10301301113 (base 4) in base 11?
-785a81
9e8d0 (base 16) to base 12
2739a8
-23341151 (base 6) to base 7
-6123205
Convert 2303302320 (base 4) to base 3.
1101102012120
What is 453302 (base 8) in base 6?
3141350
What is 243222055 (base 6) in base 11?
268829a
17e8a (base 15) to base 3
10221100111
31234130 (base 5) to base 12
105835
Convert 4a6a7 (base 14) to base 8.
544233
Convert 95334 (base 10) to base 3.
11211202220
Convert 311312303 (base 4) to base 9.
365535
Convert 131144542 (base 6) to base 5.
1130030420
-63194 (base 15) to base 8
-1145577
Convert 12030220033 (base 4) to base 6.
54453131
14aa696 (base 14) to base 11
5774638
30170 (base 16) to base 9
330172
3013230333 (base 4) to base 8
3075477
-275008a (base 13) to base 12
-4199458
-100000100101100001 (base 2) to base 6
-2505533
What is -17417b (base 16) in base 12?
-615bb7
What is -11212202013 (base 4) in base 14?
-2a3287
What is 33302233 (base 4) in base 11?
44667
What is -4241023303 (base 5) in base 6?
-515132510
What is 530142 (base 6) in base 14?
11874
What is -10053053 (base 6) in base 3?
-112120211020
Convert 1112211022001 (base 3) to base 5.
202321013
-1dc78ca (base 14) to base 6
-1253323122
What is -2616501 (base 7) in base 4?
-1103031231
Convert -10011111101000001001000 (base 2) to base 16.
-4fd048
Convert -4d7488 (base 14) to base 5.
-1140431231
What is 95090 (base 10) in base 11?
65496
Convert -399482a (base 11) to base 14.
-cb956b
What is -300b53 (base 13) in base 10?
-1115806
What is -473071 (base 8) in base 14?
-42b21
Convert -103431125 (base 6) to base 4.
-13010311331
-1000001000101001111101 (base 2) to base 6
-113413101
155522154 (base 6) to base 13
905b54
What is 64d33d (base 16) in base 5?
3142421202
Convert 4735046 (base 8) to base 15.
1a80e3
12101203002 (base 4) to base 16
1918c2
What is 94260 (base 14) in base 13?
c6778
Convert 10110001100000100 (base 2) to base 4.
112030010
-22010121000100 (base 3) to base 12
-1545376
2eb43 (base 15) to base 10
151038
Convert -21d518 (base 15) to base 4.
-12022020332
3506336 (base 8) to base 9
1713037
What is 98592 (base 11) in base 7?
1134161
7a861 (base 11) to base 5
12214312
200202102021 (base 3) to base 8
1321032
What is -20010212111001 (base 3) in base 11?
-192a9a3
-21010000011022 (base 3) to base 11
-2151454
What is -1450006 (base 7) in base 4?
-300010120
What is 6cc738 (base 15) in base 12?
18b07b2
1100011110010100101 (base 2) to base 14
a8d5b
What is -122110132 (base 4) in base 13?
-3a0ba
Convert 101100101011100101 (base 2) to base 16.
2cae5
-70d3f (base 16) to base 6
-13523315
1001110110000001 (base 2) to base 5
2242241
-1211001222 (base 3) to base 5
-2121044
Convert 45643 (base 14) to base 10.
168619
What is -402040343 (base 5) in base 14?
-2d7a8c
Convert 177571 (base 8) to base 7.
361450
Convert 23e69d (base 16) to base 9.
4375378
Convert -236cb (base 13) to base 12.
-3167a
Convert 45b930 (base 13) to base 14.
31093a
What is -5256601 (base 9) in base 8?
-12566051
-aa467 (base 12) to base 13
-7b715
Convert -b275 (base 13) to base 3.
-1020202011
Convert -110000111000001011110000 (base 2) to base 5.
-11240004130
Convert -